2 + 57*t**3 - 3*t**2 - 56*t**v. Determine b(6).
0
Let u(w) = 1 + 0 + w**2 + 3 - w**3 + w. Suppose -4*n - 104 = -8*n. Let t = n - 26. Give u(t).
4
Let s(d) be the second derivative of -d**6/120 + d**5/60 + d**4/24 + 17*d**3/6 + 11*d**2/2 + d. Let u(n) be the first derivative of s(n). Determine u(0).
17
Let x(y) be the first derivative of y**4/4 + 2*y**3/3 + 2*y**2 + 3*y + 510. What is x(-2)?
-5
Let m = -345/2 + 173. Let s(a) be the second derivative of 1/6*a**3 + m*a**2 + 0 + 4*a. Determine s(4).
5
Let o = -2 - -2. Let p(m) = -3 + m + 4 + o. Let j(q) = q**3 + 74*q**2 - 478*q - 15. Let l be j(6). What is p(l)?
-2
Let p(n) = n**2 - 9*n + 3. Let z be p(9). Let u(j) = -5*j - z*j - 6 + 8 + 4*j - j**2. Give u(-4).
2
Let a(d) = -9*d - 7. Let u(c) = -5*c - 4. Let s(i) = -6*a(i) + 11*u(i). Suppose 5 = -h + 14. Let t(y) = -2*y**2 + 21*y - 21. Let x be t(h). What is s(x)?
-8
Let n(g) = g**3 + 6*g**2 + 7*g - 2. Let a be n(-4). Let d(f) = -4*f - 2 - 2 + 5*f - a. What is d(5)?
-1
Let j(b) = -2*b**2 - 2*b + 5. Suppose 5*m - 4*y + 4 = 0, 2*m + 3*y + 4 = 4*y. Calculate j(m).
-19
Let c(r) = 26*r + 33632 - 33632. Give c(2).
52
Let h be (-3*2/18)/(1/(-21)). Let j(c) = -4*c**2 - 2*c**3 + 0*c + h*c - 8*c. What is j(-3)?
21
Suppose -160*f + 161*f + 27 = 0. Let u be (-1 - -2 - -2) + f/3. Let p(t) = 2*t + 7. What is p(u)?
-5
Let r(g) = -13*g + 1. Let q be r(-1). Let k = q + -20. Let o(y) = y**3 + 7*y**2 + 8*y. Give o(k).
-12
Let c(y) = 5*y**2 + 5*y + 5. Suppose 25*q = 27*q - 4*h, 0 = -5*q - 4*h - 14. Determine c(q).
15
Suppose -b + 0 = 3. Let f(v) = 5 - 11 + 3 - v. Let o(g) = g + 3. Let r(c) = 3*f(c) + 4*o(c). Give r(b).
0
Let i(v) = v**2 - v + 1. Let x(a) = -2*a**2 - 8*a - 2. Let u(m) = -3*i(m) - x(m). Determine u(11).
-1
Let b(x) = x**2 - 2*x - 5. Suppose 22*i = 73*i. Calculate b(i).
-5
Let s(b) = -b. Suppose 2*u = 4*u - 60. Suppose g = -5*g - g. Suppose 2*x + 4*x - u = g. Give s(x).
-5
Let x(k) = 2*k + 5. Let h(w) = 2*w + 5. Let f(j) = -3*h(j) + 4*x(j). Let s = -1 + 11. Suppose -u + 0*v = v + s, -10 = 4*u - 2*v. Determine f(u).
-5
Let l(o) = -3*o - 7. Let d be 20/4 - 1/(-1). Determine l(d).
-25
Let o(x) be the third derivative of -x**6/360 + x**5/20 + x**4/12 + x**3/3 - 5*x**2. Let s(d) be the first derivative of o(d). What is s(6)?
2
Let v(n) = 4*n + 33. Let f be v(-7). Let s(h) = -h + 1. Give s(f).
-4
Let z(f) = -f**2 - 3*f + 3. Suppose 63 = -211*j + 214*j. Suppose 0*l - 2*v + 11 = l, 9 = -3*v. Suppose l*w - 20 = j*w. Determine z(w).
-7
Let r(s) = s**2 - 17*s + 8. Suppose -187 + 272 = 5*f. Determine r(f).
8
Let i be 0*1/2 - 2. Let q(m) = 3*m - 6. Let y(p) = p - 3. Let g(s) = i*q(s) + 5*y(s). What is g(-5)?
2
Let y be (5 - (5 - 2))*(-7)/(-2). Let x(r) = -5 + 6*r**2 + 0*r**2 + 2*r**2 + y*r - 7*r**2. Determine x(-5).
-15
Let n(t) = -t**3 + 2*t**2 - 2*t + 2. Let h = -17 + 19. Suppose -4*r + 8 = h*c, 0 = 5*r - 3*r - 2. Determine n(c).
-2
Suppose -l - 10 = l. Let k(u) = u + 1. Let g(o) = 5*o + 5. Let f(w) = -2*g(w) + 11*k(w). Let n(a) = 2*a + 3. Let r(j) = -3*f(j) + n(j). What is r(l)?
5
Let y(b) be the first derivative of b**3/3 + 2*b**2 + 76. Give y(-6).
12
Let h(t) = -4 + 2*t - 2 + 0 + 5. Suppose 0 = 2*r - 2, -3*q - 2*r + 5 + 6 = 0. Let x(d) = 3*d - 4. Let f be x(q). Give h(f).
9
Let j = 15 - 12. Let a(x) be the first derivative of j*x + 3/2*x**2 + 5 - x**3 - 1/4*x**4. What is a(-3)?
-6
Let m(y) = y - 7. Let o be 15/10*(-8)/(-12). Let x = o - -4. Give m(x).
-2
Let v = -68 + 65. Let k(f) = -2*f**2 - 4*f + 2. Give k(v).
-4
Let n(h) = 40 - h**3 - 20 - 2*h - 20 + 2*h**2 - 6*h**2. Calculate n(-4).
8
Let a(s) be the second derivative of -s**6/360 - s**5/30 + 11*s**4/12 + 5*s. Let l(w) be the third derivative of a(w). Calculate l(-5).
6
Let r(x) = -80*x + 247. Let l be r(3). Let q(z) be the third derivative of 1/24*z**4 - 1/6*z**3 + 0 + 1/15*z**5 + 0*z - l*z**2 - 1/120*z**6. Give q(4).
3
Let l(p) be the first derivative of 1/4*p**4 - 5/3*p**3 + 3/2*p**2 + 20 + p. Calculate l(4).
-3
Let w(h) = 4*h. Let i(g) = -2*g. Let u(q) = 13*i(q) + 6*w(q). Suppose -16 + 4 = -c. Suppose 2*l - c = -l. Calculate u(l).
-8
Let w(h) be the first derivative of -10*h**3/3 - h**2/2 - 125. Calculate w(1).
-11
Let n(v) = v**3 - 7*v**2 + 8*v - 9. Let s be (8/4)/2*2. Let i(t) = -t**3 + t**2 - t + 1. Let q be (-4)/(-6)*(-6)/(-4). Let c(x) = q*n(x) + s*i(x). Give c(-6).
-7
Let c(q) = 43*q**3 - 18*q**3 - 17*q - 26*q**3 + 10*q**2 + 20. Give c(8).
12
Suppose -2*b + 3*b + 1 = -3*r, -4*b = 3*r - 14. Let v(g) = g**3 - 6*g**2 + 6*g. Let a be v(b). Let j(x) = -x**3 + 5*x**2 + 5. Calculate j(a).
5
Let m(n) = -691*n + 344*n + 348*n. What is m(-6)?
-6
Suppose -2*j - 7 = h, -2*j - 2*h = -0 + 10. Suppose 14 = 3*z + 5, 4*z - 8 = 2*f. Let w(y) = -4*y**3 - 2 + 0 + f*y**3 - 4*y**2 - 4*y. Determine w(j).
6
Let a(c) = -c**3 - 8*c**2 + 9*c - 9. Let f be 24/(-132) + (-97)/11. What is a(f)?
-9
Let x(j) = -7*j - 2. Suppose 5 = -c + 6*c. Suppose 3*v - 4*h + c = -17, -3*h = -5*v - 19. Give x(v).
12
Let x be 32/(-208) - ((-108)/(-26))/(-1). Let f(b) = b + 1179 - 1179 - b**2. Give f(x).
-12
Suppose -4*r = 3*d + 36, -10*r - d + 14 = -13*r. Let m(g) = g**2 + 3*g. What is m(r)?
18
Let u(m) = 3*m**2 - 8*m + 12. Let o(c) = 4*c**2 - 9*c + 13. Let r(l) = -4*o(l) + 5*u(l). Let n(w) = -2*w**3 + 3*w**2 - 2*w + 2. Let j be n(2). What is r(j)?
-4
Let o = -2 - -4. Suppose 5 = 3*z - 2*l, 5*z - 17 = -o*l + l. Let u(g) be the first derivative of g**4/4 - 5*g**3/3 + 3*g**2/2 + 4*g + 2. Give u(z).
-5
Let r(g) = 2*g**3 + 6*g**2 - 11*g. Let w(h) = -h**3 + h**2 + h. Let j(l) = r(l) + 3*w(l). Suppose -9*o - 12 = -13*o - 4*n, 0 = -4*o - n + 27. Determine j(o).
0
Let y(k) = k**3 - k**2 - k + 11. Suppose 2 + 2 = 2*q. Suppose -6*h + i = -h - 5, -q*h = -i + 1. Suppose 0*u + 10 = 5*s + h*u, -2*s + 25 = 5*u. Determine y(s).
11
Let w(i) = i - 4. Let x(l) = l - 5. Let j(p) = -5*w(p) + 4*x(p). Give j(2).
-2
Let a(c) = c**2 - 7*c + 1. Let n(b) = -b**2 + 6*b. Let w(f) = 3*a(f) + 4*n(f). Suppose -30 = -3*g - 0. Let m = g + -6. What is w(m)?
-1
Let h be 4 - (-2 + 4 + (-21)/7). Let i(d) be the first derivative of -1/4*d**4 + 1/2*d**2 - h*d + 7 + 2*d**3. Calculate i(6).
1
Let h(q) be the first derivative of -q**2/2 - 13*q + 3. Let l(c) = -c**3 - 7*c**2 + 7*c - 8. Let x be l(-8). Give h(x).
-13
Let o(p) be the second derivative of -p**3/6 + 19*p. Let m be o(6). Let f(g) = -g - 9. Give f(m).
-3
Suppose -5*g - 29 = -64. Let i(d) = -6 + g + 38*d - 37*d. Determine i(-5).
-4
Let a be (-3 - (-15)/4)*-4. Let t be a/24 - (-718)/(-16). Let c be (2/3)/(6/t). Let d(n) = n**3 + 6*n**2 + 5*n + 1. What is d(c)?
1
Let w(o) = 11 - 2 + o - 8 - 2*o**2 + 4*o**2. Let i(z) = -z - 10 + 3*z - 3*z. Let b be i(-8). Determine w(b).
7
Let c(m) be the third derivative of m**6/20 - m**5/20 - m**4/24 + m**3/2 - m**2 + 255*m. Give c(2).
37
Let g(a) = -a**2 + 2*a + 1. Let k(v) = 16*v**2 - v + 3. Let b be k(1). Let m(c) = -2*c + 38. Let d be m(b). Give g(d).
1
Let i(r) = 173 + 2*r**2 - 181 - r - r**3 + 5*r**2. Let u be (1 - 3) + -2 - -11. What is i(u)?
-15
Let b(p) = -p**2 + 8*p + 7. Let f(t) = -10*t**3 + t**2 + 3*t + 4. Let l be f(-2). Let z = l - 74. What is b(z)?
7
Let a(f) = 26 - 15*f + 18 + 34 + 36 - 140. What is a(-2)?
4
Let j = -11 + 8. Let z(g) be the third derivative of -1/6*g**4 + 0*g + 1/6*g**3 - 5*g**2 + 0. Determine z(j).
13
Suppose -4*w + 35 = -5*n, 3*w + 0*w - 3*n = 30. Suppose -w = -i + 4*i. Let l(t) = -4*t + 20*t**2 - 44*t**2 + 3 + 23*t**2. Calculate l(i).
-2
Let g(o) be the third derivative of -o**4/24 - o**3/3 - 2*o**2 - 237*o. Give g(7).
-9
Let z(l) = l**3 + 7*l**2 - 5. Let y(q) be the second derivative of q**4/12 + q**3/6 - 7*q**2/2 + 2*q. Let k be y(0). Give z(k).
-5
Let d be 191/27 - (-4)/(-54). Let j(h) = -h**2 + 7*h - 5. Determine j(d).
-5
Suppose 10 = 4*k - 10. Let q be (-21)/(-35)*1*k. Let b(i) = 1 - 6 + 4*i + q + 3*i - i**2. What is b(6)?
4
Let f(t) = -350 - 344 - 346 + 1048 - 2*t. Give f(6).
-4
Let j(h) = -3*h + 5. Let d(z) = -3*z + 6. Let q(t) = -6*d(t) + 7*j(t). Suppose -10 = -a + 14. Let p = 26 - a. What is q(p)?
-7
Let t be (-1 + (-85)/(-20))/(7/(-56)). Let z(c) = c**3 + 26*c**2 + c + 29. What is z(t)?
3
Let c(a) = -13*a**2 - 4*a - 7. Let n(y) = -28*y**2 - 8*y - 14. Let o(s) = -13*c(s) + 6*n(s). Give o(-5).
12
Let l(i) = -i**3 - i**2 + i. Let h be (-18)/(-15) + 